 (base 9) to base 4.
23120311000
What is 24613231 (base 7) in base 8?
10363772
Convert -32244310 (base 6) to base 5.
-221023314
Convert 21626c (base 14) to base 4.
10110020020
-282883 (base 10) to base 14
-7513d
What is -241024 (base 7) in base 11?
-2a818
What is -1100111011010010110 (base 2) in base 11?
-26a268
-202023111 (base 4) to base 3
-21010000210
11190913 (base 10) to base 4
222230022001
Convert -40dd8 (base 15) to base 4.
-302030330
What is -13300211 (base 4) in base 9?
-47532
What is 1000010011102 (base 3) in base 11?
335015
Convert -1dc2ec (base 15) to base 2.
-101100100000111110000
-1011121212 (base 3) to base 6
-254422
What is 324903 (base 12) in base 8?
3023023
-32302242 (base 5) to base 9
-458603
Convert -561237 (base 8) to base 11.
-11a078
What is -165057 (base 9) in base 5?
-11231422
What is 10220110320 (base 4) in base 7?
13213431
Convert 2834666 (base 9) to base 7.
16150332
Convert 104342331 (base 5) to base 11.
298688
Convert -300230200021 (base 4) to base 15.
-11c242d
What is -6356125 (base 7) in base 2?
-10111100000110001110
10001101011000001001000 (base 2) to base 8
21530110
What is 441561 (base 7) in base 12?
389b3
What is -d5d7 (base 15) in base 3?
-2022000011
-211220021 (base 3) to base 9
-24807
What is 1013122123 (base 5) in base 12?
845398
Convert 493f3 (base 16) to base 11.
195455
Convert 556899 (base 14) to base 9.
5408158
What is 231101103 (base 4) in base 13?
66528
Convert 907bb5 (base 12) to base 15.
2e79a5
462d48 (base 16) to base 12
1659634
33134142 (base 5) to base 7
2303100
Convert 127460 (base 14) to base 16.
9af6c
-a1c0b5 (base 13) to base 5
-1431034003
11110101110001001100 (base 2) to base 9
1803800
2031204 (base 6) to base 8
276324
Convert -110896 (base 11) to base 16.
-2b27d
Convert -113177 (base 10) to base 6.
-2231545
-861338 (base 9) to base 7
-4233641
Convert -13355253 (base 7) to base 13.
-3459a8
What is 7350314 (base 8) in base 7?
22415532
Convert 872771 (base 13) to base 9.
5870512
What is -100123103323 (base 4) in base 3?
-22002202221211
-9d31da (base 16) to base 9
-21341511
What is 2220212120 (base 3) in base 4?
32002122
1260753 (base 9) to base 4
2220111300
What is 235055 (base 8) in base 16?
13a2d
What is -1b1aa (base 12) in base 4?
-21301102
-20808d (base 16) to base 13
-5976bb
-406895 (base 12) to base 14
-1c2d7b
13113022331 (base 4) to base 9
3561312
-51437 (base 13) to base 11
-9a537
Convert -1201023120 (base 4) to base 13.
-10c236
-4266948 (base 10) to base 14
-7d1020
Convert -2243666 (base 8) to base 7.
-5112061
-424846 (base 9) to base 15
-4ee19
44095 (base 14) to base 13
59cc9
What is 1227127 (base 8) in base 15?
6a913
105212014 (base 6) to base 7
22256236
-12022020 (base 4) to base 10
-25224
Convert -1ab52b (base 12) to base 6.
-14111255
What is -10641274 (base 8) in base 3?
-11100101212211
What is 233203100 (base 4) in base 15?
3ca98
Convert 2322144030 (base 5) to base 9.
10824446
Convert -10455334 (base 6) to base 7.
-2465146
-aec78 (base 16) to base 8
-2566170
Convert 34522 (base 14) to base 8.
370402
What is 214453 (base 9) in base 14?
348b1
What is -22002222 (base 4) in base 8?
-120252
Convert -20112022120011 (base 3) to base 9.
-6468504
What is 435762 (base 10) in base 11?
278438
-469077 (base 11) to base 15
-ea728
What is -100202344 (base 5) in base 16?
-60fa8
Convert -3e358b (base 16) to base 11.
-2335079
What is -16204234 (base 8) in base 14?
-6d4228
Convert 3173017 (base 10) to base 15.
42a247
What is -24601 (base 15) in base 11?
-7a257
Convert -71257 (base 9) to base 13.
-18445
Convert -1355244 (base 6) to base 3.
-10221111201
What is -1011001001100 (base 2) in base 12?
-3378
-1135692 (base 12) to base 3
-20012222212002
What is -3407743 (base 8) in base 9?
-1654137
Convert 333b36 (base 13) to base 14.
23637b
-11110110101011100001 (base 2) to base 14
-1c4317
-1110212021001 (base 3) to base 14
-165d06
What is 2102717 (base 14) in base 11?
8898392
30450144 (base 6) to base 2
11010110001110010000
2553014 (base 6) to base 13
4b559
What is -11055187 (base 9) in base 14?
-9d411a
What is 40214432 (base 5) in base 7?
2501631
-2230301333 (base 4) to base 5
-140121321
What is 25557c (base 13) in base 10?
897324
What is -4add0 (base 16) in base 9?
-516561
-1dea7c (base 16) to base 15
-28ad9c
-223323341 (base 5) to base 9
-1776468
Convert 1050740 (base 9) to base 4.
2021321301
What is 625674 (base 8) in base 2?
110010101110111100
11000101100011011011000 (base 2) to base 10
6473432
-11111110001001000001 (base 2) to base 5
-231302321
3c7d22 (base 15) to base 4
23012333033
What is -4123414 (base 5) in base 4?
-100130133
Convert 111222000200 (base 4) to base 13.
123a031
Convert d0a9b (base 15) to base 8.
2412051
What is -35316544 (base 8) in base 10?
-7708004
What is -548607 (base 13) in base 15?
-294656
What is -1b18da1 (base 14) in base 10?
-13508657
15964 (base 10) to base 14
5b64
-67866 (base 11) to base 4
-113332123
22c52 (base 15) to base 7
640652
-1022020 (base 3) to base 2
-1110110111
-11bf3 (base 16) to base 7
-421633
What is -37a44 (base 12) in base 13?
-28666
-17059852 (base 10) to base 13
-36c40b4
What is -242995 (base 11) in base 10?
-384521
What is -8175427 (base 9) in base 4?
-100220210302
Convert 1191188 (base 11) to base 3.
10212221220220
Convert 1615182 (base 9) to base 12.
3726a8
Convert 1411119 (base 10) to base 11.
884216
352156 (base 7) to base 15
13ad7
16100 (base 13) to base 14
113ba
6e4727 (base 15) to base 3
100221020221201
Convert 22024343 (base 5) to base 3.
100121201220
What is 9ef (base 16) in base 2?
100111101111
55451155 (base 6) to base 4
12113322233
What is -6c3d90 (base 16) in base 8?
-33036620
Convert -1510a (base 13) to base 9.
-60438
What is -516527 (base 8) in base 14?
-46635
332332013 (base 4) to base 7
2122655
What is -101001001000111010 (base 2) in base 15?
-34ddb
Convert 111110000100111 (base 2) to base 8.
76047
-12400343 (base 5) to base 2
-11101110001110101
14460060 (base 8) to base 12
1132668
-44231 (base 12) to base 15
-1bac1
Convert -189201 (base 14) to base 5.
-210321431
What is 307796 (base 15) in base 5?
1042202331
What is 13307075 (base 8) in base 16?
2d8e3d
Convert 6135682 (base 10) to base 8.
27317602
601730 (base 8) to base 6
4122440
Convert 3067c (base 16) to base 13.
6c325
29df9f (base 16) to base 14
51611d
12106704 (base 8) to base 6
132544152
What is -1122022112010 (base 3) in base 9?
-1568463
What is -224be (base 15) in base 12?
-5315b
Convert 139bba2 (base 13) to base 3.
102201012120122
What is 113254 (base 7) in base 10?
20374
-13605 (base 7) to base 3
-12010010
Convert -5436624 (base 10) to base 9.
-11205573
Convert -85b68 (base 12) to base 16.
-2b040
Convert -20a41a3 (base 13) to base 4.
-211330302132
-74490 (base 10) to base 13
-27ba0
Convert -105265665 (base 7) to base 5.
-3114344442
-21210123233 (base 4) to base 6
-125433315
What is 1442350 (base 7) in base 8?
575425
What is 99e61 (base 16) in base 3?
1012000201000
What is -373087 (base 9) in base 7?
-1625653
3b1316 (base 12) to base 6
32534030
Convert 6533640 (base 7) to base 9.
1446273
Convert 10000111000110110010011 (base 2) to base 6.
234520031
What is 39172a (base 12) in base 8?
3443722
Convert -746164 (base 9) to base 10.
-444100
What is 10011202000 (base 3) in base 8?
172051
Convert -603249 (base 10) to base 5.
-123300444
3531034 (base 6) to base 8
545276
Convert -381aa4 (base 11) to base 7.
-5060555
Convert -a383a (base 11) to base 16.
-24f76
-2231024 (base 6) to base 8
-334530
11111110010110001010100 (base 2) to base 7
130561413
-1a428 (base 16) to base 11
-738a2
What is 10111011010011000011 (base 2) in base 3?
1102222100202
-10002202220002 (base 3) to base 9
-3082802
-106737c (base 13) to base 14
-947468
-2132651 (base 10) to base 4
-20020222223
2c134a (base 14) to base 2
101110111111111000110
What is -16602472 (base 8) in base 6?
-214523122
What is 210123244 (base 5) in base 2?
11010010111111000111
-1a9608 (base 13) to base 5
-133141243
100201210 (base 3) to base 5
211340
10110011101100011110 (base 2) to base 13
1ca029
What is -2f505 (base 16) in base 5?
-22200142
Convert 102387 (base 13) to base 12.
161929
Convert -2496679 (base 10) to base 7.
-30135643
323503 (base 10) to base 8
1167657
-202111210 (base 4) to base 15
-2ba14
Convert -1615201 (base 10) to b